{"id":1992,"date":"2025-06-25T13:19:54","date_gmt":"2025-06-25T10:19:54","guid":{"rendered":"https:\/\/artxperience.net\/?page_id=1992"},"modified":"2025-09-09T12:19:24","modified_gmt":"2025-09-09T09:19:24","slug":"tapahtumat","status":"publish","type":"page","link":"https:\/\/artxperience.net\/en\/tapahtumat\/","title":{"rendered":"Events"},"content":{"rendered":"<div data-elementor-type=\"wp-page\" data-elementor-id=\"1992\" class=\"elementor elementor-1992\" data-elementor-post-type=\"page\">\n\t\t\t\t<div class=\"elementor-element elementor-element-dc05285 e-flex e-con-boxed e-con e-parent\" data-id=\"dc05285\" data-element_type=\"container\" data-e-type=\"container\" data-settings=\"{&quot;background_background&quot;:&quot;classic&quot;}\">\n\t\t\t\t\t<div class=\"e-con-inner\">\n\t\t\t\t<div class=\"elementor-element elementor-element-f1d0b8a elementor-widget elementor-widget-heading\" data-id=\"f1d0b8a\" data-element_type=\"widget\" data-e-type=\"widget\" data-widget_type=\"heading.default\">\n\t\t\t\t<div class=\"elementor-widget-container\">\n\t\t\t\t\t<h1 class=\"elementor-heading-title elementor-size-default\">Events<\/h1>\t\t\t\t<\/div>\n\t\t\t\t<\/div>\n\t\t\t\t\t<\/div>\n\t\t\t\t<\/div>\n\t\t<div class=\"elementor-element elementor-element-f506688 e-flex e-con-boxed e-con e-parent\" data-id=\"f506688\" data-element_type=\"container\" data-e-type=\"container\">\n\t\t\t\t\t<div class=\"e-con-inner\">\n\t\t\t\t<div class=\"elementor-element elementor-element-8e80894 elementor-widget elementor-widget-heading\" data-id=\"8e80894\" data-element_type=\"widget\" data-e-type=\"widget\" data-widget_type=\"heading.default\">\n\t\t\t\t<div class=\"elementor-widget-container\">\n\t\t\t\t\t<h2 class=\"elementor-heading-title elementor-size-default\">ArtXperience's upcoming events<\/h2>\t\t\t\t<\/div>\n\t\t\t\t<\/div>\n\t\t\t\t<div class=\"elementor-element elementor-element-4b3d23c elementor-grid-3 elementor-grid-tablet-2 elementor-grid-mobile-1 elementor-posts--thumbnail-top elementor-card-shadow-yes elementor-posts__hover-gradient elementor-widget elementor-widget-posts\" data-id=\"4b3d23c\" data-element_type=\"widget\" data-e-type=\"widget\" data-settings=\"{&quot;cards_columns&quot;:&quot;3&quot;,&quot;cards_columns_tablet&quot;:&quot;2&quot;,&quot;cards_columns_mobile&quot;:&quot;1&quot;,&quot;cards_row_gap&quot;:{&quot;unit&quot;:&quot;px&quot;,&quot;size&quot;:35,&quot;sizes&quot;:[]},&quot;cards_row_gap_laptop&quot;:{&quot;unit&quot;:&quot;px&quot;,&quot;size&quot;:&quot;&quot;,&quot;sizes&quot;:[]},&quot;cards_row_gap_tablet&quot;:{&quot;unit&quot;:&quot;px&quot;,&quot;size&quot;:&quot;&quot;,&quot;sizes&quot;:[]},&quot;cards_row_gap_mobile&quot;:{&quot;unit&quot;:&quot;px&quot;,&quot;size&quot;:&quot;&quot;,&quot;sizes&quot;:[]}}\" data-widget_type=\"posts.cards\">\n\t\t\t\t<div class=\"elementor-widget-container\">\n\t\t\t\t\t\t\t<div class=\"elementor-posts-container elementor-posts elementor-posts--skin-cards elementor-grid\" role=\"list\">\n\t\t\t\t<article class=\"elementor-post elementor-grid-item post-4648 tapahtumat type-tapahtumat status-publish has-post-thumbnail hentry\" role=\"listitem\">\n\t\t\t<div class=\"elementor-post__card\">\n\t\t\t\t<a class=\"elementor-post__thumbnail__link\" href=\"https:\/\/artxperience.net\/en\/tapahtumat\/lingonperry-x-tamjazz-quartet-ajaton\/\" tabindex=\"-1\" ><div class=\"elementor-post__thumbnail\"><img fetchpriority=\"high\" decoding=\"async\" width=\"223\" height=\"300\" src=\"https:\/\/artxperience.net\/wp-content\/uploads\/2026\/03\/PROMOKUVA_QuartetAjaton_2_hires_kuvaaja_Heidi-Strengell-223x300.jpg\" class=\"attachment-medium size-medium wp-image-4649\" alt=\"\" srcset=\"https:\/\/artxperience.net\/wp-content\/uploads\/2026\/03\/PROMOKUVA_QuartetAjaton_2_hires_kuvaaja_Heidi-Strengell-223x300.jpg 223w, https:\/\/artxperience.net\/wp-content\/uploads\/2026\/03\/PROMOKUVA_QuartetAjaton_2_hires_kuvaaja_Heidi-Strengell-761x1024.jpg 761w, https:\/\/artxperience.net\/wp-content\/uploads\/2026\/03\/PROMOKUVA_QuartetAjaton_2_hires_kuvaaja_Heidi-Strengell-768x1034.jpg 768w, https:\/\/artxperience.net\/wp-content\/uploads\/2026\/03\/PROMOKUVA_QuartetAjaton_2_hires_kuvaaja_Heidi-Strengell-1141x1536.jpg 1141w, https:\/\/artxperience.net\/wp-content\/uploads\/2026\/03\/PROMOKUVA_QuartetAjaton_2_hires_kuvaaja_Heidi-Strengell-1521x2048.jpg 1521w, https:\/\/artxperience.net\/wp-content\/uploads\/2026\/03\/PROMOKUVA_QuartetAjaton_2_hires_kuvaaja_Heidi-Strengell-9x12.jpg 9w, https:\/\/artxperience.net\/wp-content\/uploads\/2026\/03\/PROMOKUVA_QuartetAjaton_2_hires_kuvaaja_Heidi-Strengell-300x404.jpg 300w, https:\/\/artxperience.net\/wp-content\/uploads\/2026\/03\/PROMOKUVA_QuartetAjaton_2_hires_kuvaaja_Heidi-Strengell-600x808.jpg 600w, https:\/\/artxperience.net\/wp-content\/uploads\/2026\/03\/PROMOKUVA_QuartetAjaton_2_hires_kuvaaja_Heidi-Strengell-scaled.jpg 1902w\" sizes=\"(max-width: 223px) 100vw, 223px\" \/><\/div><\/a>\n\t\t\t\t<div class=\"elementor-post__text\">\n\t\t\t\t<h3 class=\"elementor-post__title\">\n\t\t\t<a href=\"https:\/\/artxperience.net\/en\/tapahtumat\/lingonperry-x-tamjazz-quartet-ajaton\/\" >\n\t\t\t\tLingonperry x TamJazz: Quartet Ajaton\t\t\t<\/a>\n\t\t<\/h3>\n\t\t\t\t<div class=\"elementor-post__excerpt\">\n\t\t\t<p>Tampereen Ylioppilasteatteri, 4.5.2026: Quartet Ajattoman Jazz-konsertti ja -jamit, jotka Lingonperry ja TamJazz j\u00e4rjest\u00e4v\u00e4t yhdess\u00e4!<\/p>\n\t\t<\/div>\n\t\t\t\t\t<div class=\"elementor-post__read-more-wrapper\">\n\t\t\n\t\t<a class=\"elementor-post__read-more\" href=\"https:\/\/artxperience.net\/en\/tapahtumat\/lingonperry-x-tamjazz-quartet-ajaton\/\" aria-label=\"Read more about Lingonperry x TamJazz: Quartet Ajaton\" tabindex=\"-1\" >\n\t\t\tRead more\t\t<\/a>\n\n\t\t\t\t\t<\/div>\n\t\t\t\t<\/div>\n\t\t\t\t\t<\/div>\n\t\t<\/article>\n\t\t\t\t<article class=\"elementor-post elementor-grid-item post-4497 tapahtumat type-tapahtumat status-publish has-post-thumbnail hentry\" role=\"listitem\">\n\t\t\t<div class=\"elementor-post__card\">\n\t\t\t\t<a class=\"elementor-post__thumbnail__link\" href=\"https:\/\/artxperience.net\/en\/tapahtumat\/kirsi-poutanen-esa-helasvuo-kuulin-kui-helizi-fado\/\" tabindex=\"-1\" ><div class=\"elementor-post__thumbnail\"><img decoding=\"async\" width=\"300\" height=\"209\" src=\"https:\/\/artxperience.net\/wp-content\/uploads\/2026\/01\/Kirsi-Poutanen-Esa-Helasvuo-kuva-Antero-Kahila_valmis2-300x209.jpg\" class=\"attachment-medium size-medium wp-image-4498\" alt=\"\" srcset=\"https:\/\/artxperience.net\/wp-content\/uploads\/2026\/01\/Kirsi-Poutanen-Esa-Helasvuo-kuva-Antero-Kahila_valmis2-300x209.jpg 300w, https:\/\/artxperience.net\/wp-content\/uploads\/2026\/01\/Kirsi-Poutanen-Esa-Helasvuo-kuva-Antero-Kahila_valmis2-1024x712.jpg 1024w, https:\/\/artxperience.net\/wp-content\/uploads\/2026\/01\/Kirsi-Poutanen-Esa-Helasvuo-kuva-Antero-Kahila_valmis2-768x534.jpg 768w, https:\/\/artxperience.net\/wp-content\/uploads\/2026\/01\/Kirsi-Poutanen-Esa-Helasvuo-kuva-Antero-Kahila_valmis2-1536x1069.jpg 1536w, https:\/\/artxperience.net\/wp-content\/uploads\/2026\/01\/Kirsi-Poutanen-Esa-Helasvuo-kuva-Antero-Kahila_valmis2-2048x1425.jpg 2048w, https:\/\/artxperience.net\/wp-content\/uploads\/2026\/01\/Kirsi-Poutanen-Esa-Helasvuo-kuva-Antero-Kahila_valmis2-18x12.jpg 18w, https:\/\/artxperience.net\/wp-content\/uploads\/2026\/01\/Kirsi-Poutanen-Esa-Helasvuo-kuva-Antero-Kahila_valmis2-450x313.jpg 450w, https:\/\/artxperience.net\/wp-content\/uploads\/2026\/01\/Kirsi-Poutanen-Esa-Helasvuo-kuva-Antero-Kahila_valmis2-600x417.jpg 600w\" sizes=\"(max-width: 300px) 100vw, 300px\" \/><\/div><\/a>\n\t\t\t\t<div class=\"elementor-post__text\">\n\t\t\t\t<h3 class=\"elementor-post__title\">\n\t\t\t<a href=\"https:\/\/artxperience.net\/en\/tapahtumat\/kirsi-poutanen-esa-helasvuo-kuulin-kui-helizi-fado\/\" >\n\t\t\t\tKirsi Poutanen &amp; Esa Helasvuo: Kuulin Kui Helizi Fado\t\t\t<\/a>\n\t\t<\/h3>\n\t\t\t\t<div class=\"elementor-post__excerpt\">\n\t\t\t<p>Ruukin Tangotehdas 17.5.2026: Intiimi ja sielukas konsertti, jossa kohtaavat koskettava portugalilainen fado ja pianisti-s\u00e4velt\u00e4j\u00e4 Esa Helasvuon s\u00e4vellykset Karjalan runonlauluperinnett\u00e4 uudistavassa hengess\u00e4. Konsertti s\u00e4ken\u00f6i musiikillista energiaa, joka lohduttaa, koskettaa ja yll\u00e4tt\u00e4\u00e4.<\/p>\n\t\t<\/div>\n\t\t\t\t\t<div class=\"elementor-post__read-more-wrapper\">\n\t\t\n\t\t<a class=\"elementor-post__read-more\" href=\"https:\/\/artxperience.net\/en\/tapahtumat\/kirsi-poutanen-esa-helasvuo-kuulin-kui-helizi-fado\/\" aria-label=\"Read more about Kirsi Poutanen &amp; Esa Helasvuo: Kuulin Kui Helizi Fado\" tabindex=\"-1\" >\n\t\t\tRead more\t\t<\/a>\n\n\t\t\t\t\t<\/div>\n\t\t\t\t<\/div>\n\t\t\t\t\t<\/div>\n\t\t<\/article>\n\t\t\t\t<article class=\"elementor-post elementor-grid-item post-4642 tapahtumat type-tapahtumat status-publish has-post-thumbnail hentry\" role=\"listitem\">\n\t\t\t<div class=\"elementor-post__card\">\n\t\t\t\t<a class=\"elementor-post__thumbnail__link\" href=\"https:\/\/artxperience.net\/en\/tapahtumat\/johanna-debreczeni-henna-leppanen-tango-hurmiolle\/\" tabindex=\"-1\" ><div class=\"elementor-post__thumbnail\"><img decoding=\"async\" width=\"300\" height=\"228\" src=\"https:\/\/artxperience.net\/wp-content\/uploads\/2026\/03\/WEB_JH_DSC_6130-e1773136354558-300x228.jpg\" class=\"attachment-medium size-medium wp-image-4644\" alt=\"\" srcset=\"https:\/\/artxperience.net\/wp-content\/uploads\/2026\/03\/WEB_JH_DSC_6130-e1773136354558-300x228.jpg 300w, https:\/\/artxperience.net\/wp-content\/uploads\/2026\/03\/WEB_JH_DSC_6130-e1773136354558-1024x779.jpg 1024w, https:\/\/artxperience.net\/wp-content\/uploads\/2026\/03\/WEB_JH_DSC_6130-e1773136354558-768x584.jpg 768w, https:\/\/artxperience.net\/wp-content\/uploads\/2026\/03\/WEB_JH_DSC_6130-e1773136354558-1536x1168.jpg 1536w, https:\/\/artxperience.net\/wp-content\/uploads\/2026\/03\/WEB_JH_DSC_6130-e1773136354558-16x12.jpg 16w, https:\/\/artxperience.net\/wp-content\/uploads\/2026\/03\/WEB_JH_DSC_6130-e1773136354558-600x456.jpg 600w, https:\/\/artxperience.net\/wp-content\/uploads\/2026\/03\/WEB_JH_DSC_6130-e1773136354558.jpg 1920w\" sizes=\"(max-width: 300px) 100vw, 300px\" \/><\/div><\/a>\n\t\t\t\t<div class=\"elementor-post__text\">\n\t\t\t\t<h3 class=\"elementor-post__title\">\n\t\t\t<a href=\"https:\/\/artxperience.net\/en\/tapahtumat\/johanna-debreczeni-henna-leppanen-tango-hurmiolle\/\" >\n\t\t\t\tJohanna Debreczeni &amp; Henna Lepp\u00e4nen: Tango Hurmiolle\t\t\t<\/a>\n\t\t<\/h3>\n\t\t\t\t<div class=\"elementor-post__excerpt\">\n\t\t\t<p>Ruukin Tangotehdas 20.9.2026: Johanna Debreczeni &#038; Henna Lepp\u00e4nen esitt\u00e4v\u00e4t tangoja ymp\u00e4ri maailmaa.<\/p>\n\t\t<\/div>\n\t\t\t\t\t<div class=\"elementor-post__read-more-wrapper\">\n\t\t\n\t\t<a class=\"elementor-post__read-more\" href=\"https:\/\/artxperience.net\/en\/tapahtumat\/johanna-debreczeni-henna-leppanen-tango-hurmiolle\/\" aria-label=\"Read more about Johanna Debreczeni &amp; Henna Lepp\u00e4nen: Tango Hurmiolle\" tabindex=\"-1\" >\n\t\t\tRead more\t\t<\/a>\n\n\t\t\t\t\t<\/div>\n\t\t\t\t<\/div>\n\t\t\t\t\t<\/div>\n\t\t<\/article>\n\t\t\t\t<\/div>\n\t\t\n\t\t\t\t\t\t<\/div>\n\t\t\t\t<\/div>\n\t\t\t\t\t<\/div>\n\t\t\t\t<\/div>\n\t\t\t\t<\/div>","protected":false},"excerpt":{"rendered":"<p>Tapahtumat ArtXperiencen tulevia tapahtumia<\/p>","protected":false},"author":12,"featured_media":0,"parent":0,"menu_order":0,"comment_status":"closed","ping_status":"closed","template":"","meta":{"_acf_changed":false,"footnotes":""},"class_list":["post-1992","page","type-page","status-publish","hentry"],"acf":[],"aioseo_notices":[],"_links":{"self":[{"href":"https:\/\/artxperience.net\/en\/wp-json\/wp\/v2\/pages\/1992","targetHints":{"allow":["GET"]}}],"collection":[{"href":"https:\/\/artxperience.net\/en\/wp-json\/wp\/v2\/pages"}],"about":[{"href":"https:\/\/artxperience.net\/en\/wp-json\/wp\/v2\/types\/page"}],"author":[{"embeddable":true,"href":"https:\/\/artxperience.net\/en\/wp-json\/wp\/v2\/users\/12"}],"replies":[{"embeddable":true,"href":"https:\/\/artxperience.net\/en\/wp-json\/wp\/v2\/comments?post=1992"}],"version-history":[{"count":53,"href":"https:\/\/artxperience.net\/en\/wp-json\/wp\/v2\/pages\/1992\/revisions"}],"predecessor-version":[{"id":3885,"href":"https:\/\/artxperience.net\/en\/wp-json\/wp\/v2\/pages\/1992\/revisions\/3885"}],"wp:attachment":[{"href":"https:\/\/artxperience.net\/en\/wp-json\/wp\/v2\/media?parent=1992"}],"curies":[{"name":"wp","href":"https:\/\/api.w.org\/{rel}","templated":true}]}}

<div data-elementor-type="wp-page" data-elementor-id="1992" class="elementor elementor-1992" data-elementor-post-type="page">
				<div class="elementor-element elementor-element-dc05285 e-flex e-con-boxed e-con e-parent" data-id="dc05285" data-element_type="container" data-e-type="container" data-settings="{&quot;background_background&quot;:&quot;classic&quot;}">
					<div class="e-con-inner">
				<div class="elementor-element elementor-element-f1d0b8a elementor-widget elementor-widget-heading" data-id="f1d0b8a" data-element_type="widget" data-e-type="widget" data-widget_type="heading.default">
				<div class="elementor-widget-container">
					<h1 class="elementor-heading-title elementor-size-default">Events</h1>				</div>
				</div>
					</div>
				</div>
		<div class="elementor-element elementor-element-f506688 e-flex e-con-boxed e-con e-parent" data-id="f506688" data-element_type="container" data-e-type="container">
					<div class="e-con-inner">
				<div class="elementor-element elementor-element-8e80894 elementor-widget elementor-widget-heading" data-id="8e80894" data-element_type="widget" data-e-type="widget" data-widget_type="heading.default">
				<div class="elementor-widget-container">
					<h2 class="elementor-heading-title elementor-size-default">ArtXperience's upcoming events</h2>				</div>
				</div>
				<div class="elementor-element elementor-element-4b3d23c elementor-grid-3 elementor-grid-tablet-2 elementor-grid-mobile-1 elementor-posts--thumbnail-top elementor-card-shadow-yes elementor-posts__hover-gradient elementor-widget elementor-widget-posts" data-id="4b3d23c" data-element_type="widget" data-e-type="widget" data-settings="{&quot;cards_columns&quot;:&quot;3&quot;,&quot;cards_columns_tablet&quot;:&quot;2&quot;,&quot;cards_columns_mobile&quot;:&quot;1&quot;,&quot;cards_row_gap&quot;:{&quot;unit&quot;:&quot;px&quot;,&quot;size&quot;:35,&quot;sizes&quot;:[]},&quot;cards_row_gap_laptop&quot;:{&quot;unit&quot;:&quot;px&quot;,&quot;size&quot;:&quot;&quot;,&quot;sizes&quot;:[]},&quot;cards_row_gap_tablet&quot;:{&quot;unit&quot;:&quot;px&quot;,&quot;size&quot;:&quot;&quot;,&quot;sizes&quot;:[]},&quot;cards_row_gap_mobile&quot;:{&quot;unit&quot;:&quot;px&quot;,&quot;size&quot;:&quot;&quot;,&quot;sizes&quot;:[]}}" data-widget_type="posts.cards">
				<div class="elementor-widget-container">
							<div class="elementor-posts-container elementor-posts elementor-posts--skin-cards elementor-grid" role="list">
				<article class="elementor-post elementor-grid-item post-4648 tapahtumat type-tapahtumat status-publish has-post-thumbnail hentry" role="listitem">
			<div class="elementor-post__card">
				<a class="elementor-post__thumbnail__link" href="https://artxperience.net/en/tapahtumat/lingonperry-x-tamjazz-quartet-ajaton/" tabindex="-1" ><div class="elementor-post__thumbnail"><img fetchpriority="high" decoding="async" width="223" height="300" src="https://artxperience.net/wp-content/uploads/2026/03/PROMOKUVA_QuartetAjaton_2_hires_kuvaaja_Heidi-Strengell-223x300.jpg" class="attachment-medium size-medium wp-image-4649" alt="" srcset="https://artxperience.net/wp-content/uploads/2026/03/PROMOKUVA_QuartetAjaton_2_hires_kuvaaja_Heidi-Strengell-223x300.jpg 223w, https://artxperience.net/wp-content/uploads/2026/03/PROMOKUVA_QuartetAjaton_2_hires_kuvaaja_Heidi-Strengell-761x1024.jpg 761w, https://artxperience.net/wp-content/uploads/2026/03/PROMOKUVA_QuartetAjaton_2_hires_kuvaaja_Heidi-Strengell-768x1034.jpg 768w, https://artxperience.net/wp-content/uploads/2026/03/PROMOKUVA_QuartetAjaton_2_hires_kuvaaja_Heidi-Strengell-1141x1536.jpg 1141w, https://artxperience.net/wp-content/uploads/2026/03/PROMOKUVA_QuartetAjaton_2_hires_kuvaaja_Heidi-Strengell-1521x2048.jpg 1521w, https://artxperience.net/wp-content/uploads/2026/03/PROMOKUVA_QuartetAjaton_2_hires_kuvaaja_Heidi-Strengell-9x12.jpg 9w, https://artxperience.net/wp-content/uploads/2026/03/PROMOKUVA_QuartetAjaton_2_hires_kuvaaja_Heidi-Strengell-300x404.jpg 300w, https://artxperience.net/wp-content/uploads/2026/03/PROMOKUVA_QuartetAjaton_2_hires_kuvaaja_Heidi-Strengell-600x808.jpg 600w, https://artxperience.net/wp-content/uploads/2026/03/PROMOKUVA_QuartetAjaton_2_hires_kuvaaja_Heidi-Strengell-scaled.jpg 1902w" sizes="(max-width: 223px) 100vw, 223px" /></div></a>
				<div class="elementor-post__text">
				<h3 class="elementor-post__title">
			<a href="https://artxperience.net/en/tapahtumat/lingonperry-x-tamjazz-quartet-ajaton/" >
				Lingonperry x TamJazz: Quartet Ajaton			</a>
		</h3>
				<div class="elementor-post__excerpt">
			<p>Tampereen Ylioppilasteatteri, 4.5.2026: Quartet Ajattoman Jazz-konsertti ja -jamit, jotka Lingonperry ja TamJazz järjestävät yhdessä!</p>
		</div>
					<div class="elementor-post__read-more-wrapper">
		
		<a class="elementor-post__read-more" href="https://artxperience.net/en/tapahtumat/lingonperry-x-tamjazz-quartet-ajaton/" aria-label="Read more about Lingonperry x TamJazz: Quartet Ajaton" tabindex="-1" >
			Read more		</a>

					</div>
				</div>
					</div>
		</article>
				<article class="elementor-post elementor-grid-item post-4497 tapahtumat type-tapahtumat status-publish has-post-thumbnail hentry" role="listitem">
			<div class="elementor-post__card">
				<a class="elementor-post__thumbnail__link" href="https://artxperience.net/en/tapahtumat/kirsi-poutanen-esa-helasvuo-kuulin-kui-helizi-fado/" tabindex="-1" ><div class="elementor-post__thumbnail"><img decoding="async" width="300" height="209" src="https://artxperience.net/wp-content/uploads/2026/01/Kirsi-Poutanen-Esa-Helasvuo-kuva-Antero-Kahila_valmis2-300x209.jpg" class="attachment-medium size-medium wp-image-4498" alt="" srcset="https://artxperience.net/wp-content/uploads/2026/01/Kirsi-Poutanen-Esa-Helasvuo-kuva-Antero-Kahila_valmis2-300x209.jpg 300w, https://artxperience.net/wp-content/uploads/2026/01/Kirsi-Poutanen-Esa-Helasvuo-kuva-Antero-Kahila_valmis2-1024x712.jpg 1024w, https://artxperience.net/wp-content/uploads/2026/01/Kirsi-Poutanen-Esa-Helasvuo-kuva-Antero-Kahila_valmis2-768x534.jpg 768w, https://artxperience.net/wp-content/uploads/2026/01/Kirsi-Poutanen-Esa-Helasvuo-kuva-Antero-Kahila_valmis2-1536x1069.jpg 1536w, https://artxperience.net/wp-content/uploads/2026/01/Kirsi-Poutanen-Esa-Helasvuo-kuva-Antero-Kahila_valmis2-2048x1425.jpg 2048w, https://artxperience.net/wp-content/uploads/2026/01/Kirsi-Poutanen-Esa-Helasvuo-kuva-Antero-Kahila_valmis2-18x12.jpg 18w, https://artxperience.net/wp-content/uploads/2026/01/Kirsi-Poutanen-Esa-Helasvuo-kuva-Antero-Kahila_valmis2-450x313.jpg 450w, https://artxperience.net/wp-content/uploads/2026/01/Kirsi-Poutanen-Esa-Helasvuo-kuva-Antero-Kahila_valmis2-600x417.jpg 600w" sizes="(max-width: 300px) 100vw, 300px" /></div></a>
				<div class="elementor-post__text">
				<h3 class="elementor-post__title">
			<a href="https://artxperience.net/en/tapahtumat/kirsi-poutanen-esa-helasvuo-kuulin-kui-helizi-fado/" >
				Kirsi Poutanen &amp; Esa Helasvuo: Kuulin Kui Helizi Fado			</a>
		</h3>
				<div class="elementor-post__excerpt">
			<p>Ruukin Tangotehdas 17.5.2026: Intiimi ja sielukas konsertti, jossa kohtaavat koskettava portugalilainen fado ja pianisti-säveltäjä Esa Helasvuon sävellykset Karjalan runonlauluperinnettä uudistavassa hengessä. Konsertti säkenöi musiikillista energiaa, joka lohduttaa, koskettaa ja yllättää.</p>
		</div>
					<div class="elementor-post__read-more-wrapper">
		
		<a class="elementor-post__read-more" href="https://artxperience.net/en/tapahtumat/kirsi-poutanen-esa-helasvuo-kuulin-kui-helizi-fado/" aria-label="Read more about Kirsi Poutanen &amp; Esa Helasvuo: Kuulin Kui Helizi Fado" tabindex="-1" >
			Read more		</a>

					</div>
				</div>
					</div>
		</article>
				<article class="elementor-post elementor-grid-item post-4642 tapahtumat type-tapahtumat status-publish has-post-thumbnail hentry" role="listitem">
			<div class="elementor-post__card">
				<a class="elementor-post__thumbnail__link" href="https://artxperience.net/en/tapahtumat/johanna-debreczeni-henna-leppanen-tango-hurmiolle/" tabindex="-1" ><div class="elementor-post__thumbnail"><img decoding="async" width="300" height="228" src="https://artxperience.net/wp-content/uploads/2026/03/WEB_JH_DSC_6130-e1773136354558-300x228.jpg" class="attachment-medium size-medium wp-image-4644" alt="" srcset="https://artxperience.net/wp-content/uploads/2026/03/WEB_JH_DSC_6130-e1773136354558-300x228.jpg 300w, https://artxperience.net/wp-content/uploads/2026/03/WEB_JH_DSC_6130-e1773136354558-1024x779.jpg 1024w, https://artxperience.net/wp-content/uploads/2026/03/WEB_JH_DSC_6130-e1773136354558-768x584.jpg 768w, https://artxperience.net/wp-content/uploads/2026/03/WEB_JH_DSC_6130-e1773136354558-1536x1168.jpg 1536w, https://artxperience.net/wp-content/uploads/2026/03/WEB_JH_DSC_6130-e1773136354558-16x12.jpg 16w, https://artxperience.net/wp-content/uploads/2026/03/WEB_JH_DSC_6130-e1773136354558-600x456.jpg 600w, https://artxperience.net/wp-content/uploads/2026/03/WEB_JH_DSC_6130-e1773136354558.jpg 1920w" sizes="(max-width: 300px) 100vw, 300px" /></div></a>
				<div class="elementor-post__text">
				<h3 class="elementor-post__title">
			<a href="https://artxperience.net/en/tapahtumat/johanna-debreczeni-henna-leppanen-tango-hurmiolle/" >
				Johanna Debreczeni &amp; Henna Leppänen: Tango Hurmiolle			</a>
		</h3>
				<div class="elementor-post__excerpt">
			<p>Ruukin Tangotehdas 20.9.2026: Johanna Debreczeni &#038; Henna Leppänen esittävät tangoja ympäri maailmaa.</p>
		</div>
					<div class="elementor-post__read-more-wrapper">
		
		<a class="elementor-post__read-more" href="https://artxperience.net/en/tapahtumat/johanna-debreczeni-henna-leppanen-tango-hurmiolle/" aria-label="Read more about Johanna Debreczeni &amp; Henna Leppänen: Tango Hurmiolle" tabindex="-1" >
			Read more		</a>

					</div>
				</div>
					</div>
		</article>
				</div>
		
						</div>
				</div>
					</div>
				</div>
				</div>
